{"id":64088,"date":"2025-04-04T14:41:09","date_gmt":"2025-04-04T12:41:09","guid":{"rendered":"https:\/\/www.cepiscopal.org\/online\/?page_id=64088"},"modified":"2025-05-27T12:09:27","modified_gmt":"2025-05-27T10:09:27","slug":"matricula-2025-2026","status":"publish","type":"page","link":"https:\/\/www.cepiscopal.org\/online\/matricula-2025-2026\/","title":{"rendered":"MATR\u00cdCULA 2025-2026"},"content":{"rendered":"\t\t<div data-elementor-type=\"wp-page\" data-elementor-id=\"64088\" class=\"elementor elementor-64088\" data-elementor-post-type=\"page\">\n\t\t\t\t<div class=\"elementor-element elementor-element-561319f e-flex e-con-boxed e-con e-parent\" data-id=\"561319f\" data-element_type=\"container\" data-e-type=\"container\">\n\t\t\t\t\t<div class=\"e-con-inner\">\n\t\t<div class=\"elementor-element elementor-element-20956f6 e-con-full e-flex e-con e-child\" data-id=\"20956f6\" data-element_type=\"container\" data-e-type=\"container\">\n\t\t\t\t<div class=\"elementor-element elementor-element-8cded3f elementor-widget elementor-widget-heading\" data-id=\"8cded3f\" data-element_type=\"widget\" data-e-type=\"widget\" data-widget_type=\"heading.default\">\n\t\t\t\t<div class=\"elementor-widget-container\">\n\t\t\t\t\t<h2 class=\"elementor-heading-title elementor-size-default\">CFGS ADMINISTRACI\u00d3 I FINANCES<\/h2>\t\t\t\t<\/div>\n\t\t\t\t<\/div>\n\t\t\t\t<div class=\"elementor-element elementor-element-d110da5 elementor-widget elementor-widget-text-editor\" data-id=\"d110da5\" data-element_type=\"widget\" data-e-type=\"widget\" data-widget_type=\"text-editor.default\">\n\t\t\t\t<div class=\"elementor-widget-container\">\n\t\t\t\t\t\t\t\t\t<p>CICLE FORMATIU DE GRAU SUPERIOR PRIVAT<\/p>\t\t\t\t\t\t\t\t<\/div>\n\t\t\t\t<\/div>\n\t\t\t\t<div class=\"elementor-element elementor-element-7d2b1d6 elementor-widget elementor-widget-heading\" data-id=\"7d2b1d6\" data-element_type=\"widget\" data-e-type=\"widget\" data-widget_type=\"heading.default\">\n\t\t\t\t<div class=\"elementor-widget-container\">\n\t\t\t\t\t<h2 class=\"elementor-heading-title elementor-size-default\">CFGM SALVAMENT I SOCORRISME<\/h2>\t\t\t\t<\/div>\n\t\t\t\t<\/div>\n\t\t\t\t<div class=\"elementor-element elementor-element-46a6779 elementor-widget elementor-widget-text-editor\" data-id=\"46a6779\" data-element_type=\"widget\" data-e-type=\"widget\" data-widget_type=\"text-editor.default\">\n\t\t\t\t<div class=\"elementor-widget-container\">\n\t\t\t\t\t\t\t\t\t<p>CICLE FORMATIU DE GRAU MITJ\u00c0 PRIVAT<\/p>\t\t\t\t\t\t\t\t<\/div>\n\t\t\t\t<\/div>\n\t\t\t\t<\/div>\n\t\t\t\t\t<\/div>\n\t\t\t\t<\/div>\n\t\t<div class=\"elementor-element elementor-element-8e8a5b6 e-flex e-con-boxed e-con e-parent\" data-id=\"8e8a5b6\" data-element_type=\"container\" data-e-type=\"container\">\n\t\t\t\t\t<div class=\"e-con-inner\">\n\t\t<div class=\"elementor-element elementor-element-1daaa1d e-con-full e-flex e-con e-child\" data-id=\"1daaa1d\" data-element_type=\"container\" data-e-type=\"container\">\n\t\t\t\t<div data-dce-title-color=\"#00B2FF\" class=\"elementor-element elementor-element-ab7fb53 elementor-widget elementor-widget-heading\" data-id=\"ab7fb53\" data-element_type=\"widget\" data-e-type=\"widget\" data-widget_type=\"heading.default\">\n\t\t\t\t<div class=\"elementor-widget-container\">\n\t\t\t\t\t<h2 class=\"elementor-heading-title elementor-size-default\">PAS 1<\/h2>\t\t\t\t<\/div>\n\t\t\t\t<\/div>\n\t\t\t\t<div class=\"elementor-element elementor-element-505ca3a elementor-widget elementor-widget-heading\" data-id=\"505ca3a\" data-element_type=\"widget\" data-e-type=\"widget\" data-widget_type=\"heading.default\">\n\t\t\t\t<div class=\"elementor-widget-container\">\n\t\t\t\t\t<h2 class=\"elementor-heading-title elementor-size-default\">1. DOCUMENT DE LA MATR\u00cdCULA<\/h2>\t\t\t\t<\/div>\n\t\t\t\t<\/div>\n\t\t\t\t<div class=\"elementor-element elementor-element-1cee61c elementor-widget elementor-widget-spacer\" data-id=\"1cee61c\" data-element_type=\"widget\" data-e-type=\"widget\" data-widget_type=\"spacer.default\">\n\t\t\t\t<div class=\"elementor-widget-container\">\n\t\t\t\t\t\t\t<div class=\"elementor-spacer\">\n\t\t\t<div class=\"elementor-spacer-inner\"><\/div>\n\t\t<\/div>\n\t\t\t\t\t\t<\/div>\n\t\t\t\t<\/div>\n\t\t\t\t<div class=\"elementor-element elementor-element-ed880b4 elementor-widget elementor-widget-text-editor\" data-id=\"ed880b4\" data-element_type=\"widget\" data-e-type=\"widget\" data-widget_type=\"text-editor.default\">\n\t\t\t\t<div class=\"elementor-widget-container\">\n\t\t\t\t\t\t\t\t\t<ol><li>Emplena el document de matr\u00edcula pdf que tens en aquests enlla\u00e7os.<ol><li>Emplena el formulari pdf.<\/li><li>Desa&#8217;l al teu dispositiu (ordinador, m\u00f2bil o tauleta).<\/li><li>Envia&#8217;l a traves d&#8217;aquest formulari d&#8217;enviament.<\/li><\/ol><\/li><\/ol>\t\t\t\t\t\t\t\t<\/div>\n\t\t\t\t<\/div>\n\t\t\t\t<\/div>\n\t\t\t\t\t<\/div>\n\t\t\t\t<\/div>\n\t\t<div class=\"elementor-element elementor-element-8c66bd2 e-flex e-con-boxed e-con e-parent\" data-id=\"8c66bd2\" data-element_type=\"container\" data-e-type=\"container\">\n\t\t\t\t\t<div class=\"e-con-inner\">\n\t\t<div class=\"elementor-element elementor-element-0d7a855 e-con-full e-grid e-con e-child\" data-id=\"0d7a855\" data-element_type=\"container\" data-e-type=\"container\">\n\t\t\t\t<div class=\"elementor-element elementor-element-d9b208c elementor-align-justify elementor-hidden-desktop elementor-hidden-tablet elementor-hidden-mobile elementor-widget elementor-widget-button\" data-id=\"d9b208c\" data-element_type=\"widget\" data-e-type=\"widget\" data-widget_type=\"button.default\">\n\t\t\t\t<div class=\"elementor-widget-container\">\n\t\t\t\t\t\t\t\t\t<div class=\"elementor-button-wrapper\">\n\t\t\t\t\t<a class=\"elementor-button elementor-size-xl\" role=\"button\">\n\t\t\t\t\t\t<span class=\"elementor-button-content-wrapper\">\n\t\t\t\t\t\t\t\t\t<span class=\"elementor-button-text\"><b>ENSENYAMENTS OBLIGATORIS<\/b><br>Educaci\u00f3 Infantil, Prim\u00e0ria i ESO<\/span>\n\t\t\t\t\t<\/span>\n\t\t\t\t\t<\/a>\n\t\t\t\t<\/div>\n\t\t\t\t\t\t\t\t<\/div>\n\t\t\t\t<\/div>\n\t\t\t\t<div class=\"elementor-element elementor-element-29a6e9f elementor-align-justify elementor-hidden-desktop elementor-hidden-tablet elementor-hidden-mobile elementor-widget elementor-widget-button\" data-id=\"29a6e9f\" data-element_type=\"widget\" data-e-type=\"widget\" data-widget_type=\"button.default\">\n\t\t\t\t<div class=\"elementor-widget-container\">\n\t\t\t\t\t\t\t\t\t<div class=\"elementor-button-wrapper\">\n\t\t\t\t\t<a class=\"elementor-button elementor-size-xl\" role=\"button\">\n\t\t\t\t\t\t<span class=\"elementor-button-content-wrapper\">\n\t\t\t\t\t\t\t\t\t<span class=\"elementor-button-text\"><b>BATXILLERAT<\/b><br>Totes les modalitats<\/span>\n\t\t\t\t\t<\/span>\n\t\t\t\t\t<\/a>\n\t\t\t\t<\/div>\n\t\t\t\t\t\t\t\t<\/div>\n\t\t\t\t<\/div>\n\t\t\t\t<div class=\"elementor-element elementor-element-457ac36 elementor-align-justify elementor-widget elementor-widget-button\" data-id=\"457ac36\" data-element_type=\"widget\" data-e-type=\"widget\" data-widget_type=\"button.default\">\n\t\t\t\t<div class=\"elementor-widget-container\">\n\t\t\t\t\t\t\t\t\t<div class=\"elementor-button-wrapper\">\n\t\t\t\t\t<a class=\"elementor-button elementor-button-link elementor-size-xl\" href=\"https:\/\/www.cepiscopal.org\/documents\/2024-2025\/Formulari%20-18%20CCFF_P.pdf\" target=\"_blank\">\n\t\t\t\t\t\t<span class=\"elementor-button-content-wrapper\">\n\t\t\t\t\t\t\t\t\t<span class=\"elementor-button-text\"><b>CICLES FORMATIUS<\/b><br>-18 anys<\/span>\n\t\t\t\t\t<\/span>\n\t\t\t\t\t<\/a>\n\t\t\t\t<\/div>\n\t\t\t\t\t\t\t\t<\/div>\n\t\t\t\t<\/div>\n\t\t\t\t<div class=\"elementor-element elementor-element-f1372b3 elementor-align-justify elementor-widget elementor-widget-button\" data-id=\"f1372b3\" data-element_type=\"widget\" data-e-type=\"widget\" data-widget_type=\"button.default\">\n\t\t\t\t<div class=\"elementor-widget-container\">\n\t\t\t\t\t\t\t\t\t<div class=\"elementor-button-wrapper\">\n\t\t\t\t\t<a class=\"elementor-button elementor-button-link elementor-size-xl\" href=\"https:\/\/www.cepiscopal.org\/documents\/2024-2025\/Formulari%20%2B18%20CCFF_P.pdf\" target=\"_blank\">\n\t\t\t\t\t\t<span class=\"elementor-button-content-wrapper\">\n\t\t\t\t\t\t\t\t\t<span class=\"elementor-button-text\"><b>CICLES FORMATIUS<\/b><br>+18 anys<\/span>\n\t\t\t\t\t<\/span>\n\t\t\t\t\t<\/a>\n\t\t\t\t<\/div>\n\t\t\t\t\t\t\t\t<\/div>\n\t\t\t\t<\/div>\n\t\t\t\t<\/div>\n\t\t\t\t\t<\/div>\n\t\t\t\t<\/div>\n\t\t<div class=\"elementor-element elementor-element-d4dc2a4 e-flex e-con-boxed e-con e-parent\" data-id=\"d4dc2a4\" data-element_type=\"container\" data-e-type=\"container\">\n\t\t\t\t\t<div class=\"e-con-inner\">\n\t\t\t\t<div data-dce-title-color=\"#00B2FF\" class=\"elementor-element elementor-element-4c3868d elementor-widget elementor-widget-heading\" data-id=\"4c3868d\" data-element_type=\"widget\" data-e-type=\"widget\" data-widget_type=\"heading.default\">\n\t\t\t\t<div class=\"elementor-widget-container\">\n\t\t\t\t\t<h2 class=\"elementor-heading-title elementor-size-default\">PAS 2<\/h2>\t\t\t\t<\/div>\n\t\t\t\t<\/div>\n\t\t\t\t<div class=\"elementor-element elementor-element-f7e7ae0 elementor-widget elementor-widget-heading\" data-id=\"f7e7ae0\" data-element_type=\"widget\" data-e-type=\"widget\" data-widget_type=\"heading.default\">\n\t\t\t\t<div class=\"elementor-widget-container\">\n\t\t\t\t\t<h2 class=\"elementor-heading-title elementor-size-default\">2. FORMULARI D'ENVIAMENT DE MATR\u00cdCULA<\/h2>\t\t\t\t<\/div>\n\t\t\t\t<\/div>\n\t\t\t\t<div data-dce-title-color=\"#00B2FF\" class=\"elementor-element elementor-element-9f5a1c3 elementor-widget elementor-widget-heading\" data-id=\"9f5a1c3\" data-element_type=\"widget\" data-e-type=\"widget\" data-widget_type=\"heading.default\">\n\t\t\t\t<div class=\"elementor-widget-container\">\n\t\t\t\t\t<h2 class=\"elementor-heading-title elementor-size-default\">CURS 2025-2026<\/h2>\t\t\t\t<\/div>\n\t\t\t\t<\/div>\n\t\t\t\t<div data-dce-title-color=\"#FFA500\" class=\"elementor-element elementor-element-2cb8e32 elementor-widget elementor-widget-heading\" data-id=\"2cb8e32\" data-element_type=\"widget\" data-e-type=\"widget\" data-widget_type=\"heading.default\">\n\t\t\t\t<div class=\"elementor-widget-container\">\n\t\t\t\t\t<h2 class=\"elementor-heading-title elementor-size-default\">COL\u00b7LEGI EPISCOPAL. <\/h2>\t\t\t\t<\/div>\n\t\t\t\t<\/div>\n\t\t\t\t<div data-dce-field-description=\"{&quot;fields&quot;:[{&quot;custom_id&quot;:&quot;ecorreu_confirm&quot;,&quot;position&quot;:&quot;elementor-field-label&quot;,&quot;description&quot;:&quot;Aquest valor ha de coincidir amb el correu electr\\u00f2nic anterior. Si no \\u00e9s coincident no podreu enviar el formulari de matr\\u00edcula.&quot;,&quot;description_text&quot;:&quot;Aquest valor ha de coincidir amb el correu electr\\u00f2nic anterior. Si no \\u00e9s coincident no podreu enviar el formulari de matr\\u00edcula.&quot;,&quot;tooltip&quot;:true,&quot;tooltip_position&quot;:&quot;bottom&quot;}]}\" class=\"elementor-element elementor-element-605e8c0 elementor-button-align-start elementor-widget elementor-widget-form\" data-id=\"605e8c0\" data-element_type=\"widget\" data-e-type=\"widget\" data-settings=\"{&quot;step_next_label&quot;:&quot;Endavant&quot;,&quot;step_previous_label&quot;:&quot;Endarrere&quot;,&quot;dce_confirm_dialog_enabled&quot;:&quot;yes&quot;,&quot;dce_confirm_dialog_title&quot;:&quot;ENVIAR LA MATR\\u00cdCULA DEL CURS 2025-2026&quot;,&quot;dce_confirm_dialog_confirm_button_text&quot;:&quot;Confirma&quot;,&quot;dce_confirm_dialog_cancel_button_text&quot;:&quot;Cancel\\u00b7la&quot;,&quot;dce_confirm_dialog_content&quot;:&quot;&lt;b&gt;Fent clic finalitzes el proc\\u00e9s de matr\\u00edcula, som-hi?&lt;\\\/b&gt;&quot;,&quot;dce_confirm_dialog_width&quot;:{&quot;unit&quot;:&quot;%&quot;,&quot;size&quot;:40,&quot;sizes&quot;:[]},&quot;button_width&quot;:&quot;100&quot;,&quot;dce_confirm_dialog_width_tablet&quot;:{&quot;unit&quot;:&quot;px&quot;,&quot;size&quot;:&quot;&quot;,&quot;sizes&quot;:[]},&quot;dce_confirm_dialog_width_mobile&quot;:{&quot;unit&quot;:&quot;px&quot;,&quot;size&quot;:&quot;&quot;,&quot;sizes&quot;:[]},&quot;dce_confirm_dialog_theme&quot;:&quot;light&quot;,&quot;dce_confirm_dialog_confirm_button_color&quot;:&quot;default&quot;,&quot;dce_confirm_dialog_cancel_button_color&quot;:&quot;default&quot;,&quot;step_type&quot;:&quot;number_text&quot;,&quot;step_icon_shape&quot;:&quot;circle&quot;,&quot;label_icon_size&quot;:{&quot;unit&quot;:&quot;px&quot;,&quot;size&quot;:&quot;&quot;,&quot;sizes&quot;:[]},&quot;field_icon_size&quot;:{&quot;unit&quot;:&quot;px&quot;,&quot;size&quot;:&quot;&quot;,&quot;sizes&quot;:[]}}\" data-widget_type=\"form.default\">\n\t\t\t\t<div class=\"elementor-widget-container\">\n\t\t\t\t\t\t\t<form class=\"elementor-form\" method=\"post\" id=\"Mat2526\" name=\"Matr\u00edcula Curs 2024-2025\" aria-label=\"Matr\u00edcula Curs 2024-2025\">\n\t\t\t<input type=\"hidden\" name=\"post_id\" value=\"64088\"\/>\n\t\t\t<input type=\"hidden\" name=\"form_id\" value=\"605e8c0\"\/>\n\t\t\t<input type=\"hidden\" name=\"referer_title\" value=\"MATR\u00cdCULA 2025-2026\" \/>\n\n\t\t\t\t\t\t\t<input type=\"hidden\" name=\"queried_id\" value=\"64088\"\/>\n\t\t\t\n\t\t\t<div class=\"elementor-form-fields-wrapper elementor-labels-above\">\n\t\t\t\t\t\t\t\t<div class=\"elementor-field-type-step elementor-field-group elementor-column elementor-field-group-field_f89ba76 elementor-col-100\">\n\t\t\t\t\t\t\t<div class=\"e-field-step elementor-hidden\" data-label=\"PROC\u00c9S DE MATR\u00cdCULA\" data-previousButton=\"Endarrere\" data-nextButton=\"Endavant\" data-iconUrl=\"\" data-iconLibrary=\"fas fa-chevron-down\" data-icon=\"\" ><\/div>\n\n\t\t\t\t\t\t<\/div>\n\t\t\t\t\t\t\t\t<div class=\"elementor-field-type-html elementor-field-group elementor-column elementor-field-group-field_9b80a39 elementor-col-100\">\n\t\t\t\t\t<br><b>Aquest formulari et permetr\u00e0 lliurar la teva informaci\u00f3 personal a la Secretaria del Col\u00b7legi Episcopal. Siguis cur\u00f3s\/a en el moment d'introduir les dades..<\/b>\n<li>Fes clic al bot\u00f3 'Endavant' i anem a iniciar tot el proc\u00e9s. Un cop finalitzat el proc\u00e9s, si l'has fet correctament, rebr\u00e0s un correu de confirmaci\u00f3 de l'enviament<\/li><ul>\t\t\t\t<\/div>\n\t\t\t\t\t\t\t\t<div class=\"elementor-field-type-email elementor-field-group elementor-column elementor-field-group-ecorreu elementor-col-60 elementor-field-required elementor-mark-required\">\n\t\t\t\t\t\t\t\t\t\t\t\t<label for=\"form-field-ecorreu\" class=\"elementor-field-label\">\n\t\t\t\t\t\t\t\tCorreu electr\u00f2nic de contacte\t\t\t\t\t\t\t<\/label>\n\t\t\t\t\t\t\t\t\t\t\t\t\t\t<input size=\"1\" type=\"email\" name=\"form_fields[ecorreu]\" id=\"form-field-ecorreu\" class=\"elementor-field elementor-size-sm  elementor-field-textual\" placeholder=\"Correu electr\u00f2nic\" required=\"required\">\n\t\t\t\t\t\t\t\t\t\t\t<\/div>\n\t\t\t\t\t\t\t\t<div class=\"elementor-field-type-email elementor-field-group elementor-column elementor-field-group-ecorreu_confirm elementor-col-60 elementor-field-required elementor-mark-required\">\n\t\t\t\t\t\t\t\t\t\t\t\t<label for=\"form-field-ecorreu_confirm\" class=\"elementor-field-label\">\n\t\t\t\t\t\t\t\tCorreu electr\u00f2nic de contacte -confirmaci\u00f3-\t\t\t\t\t\t\t<\/label>\n\t\t\t\t\t\t\t\t\t\t\t\t\t\t<input size=\"1\" type=\"email\" name=\"form_fields[ecorreu_confirm]\" id=\"form-field-ecorreu_confirm\" class=\"elementor-field elementor-size-sm  elementor-field-textual\" placeholder=\"Confirma el correu electr\u00f2nic\" required=\"required\">\n\t\t\t\t\t\t\t\t\t\t\t<\/div>\n\t\t\t\t\t\t\t\t<div class=\"elementor-field-type-tel elementor-field-group elementor-column elementor-field-group-field_4243bb6 elementor-col-60 elementor-field-required elementor-mark-required\">\n\t\t\t\t\t\t\t\t\t\t\t\t<label for=\"form-field-field_4243bb6\" class=\"elementor-field-label\">\n\t\t\t\t\t\t\t\tTel\u00e8fon de contacte\t\t\t\t\t\t\t<\/label>\n\t\t\t\t\t\t\t\t<input size=\"1\" type=\"tel\" name=\"form_fields[field_4243bb6]\" id=\"form-field-field_4243bb6\" class=\"elementor-field elementor-size-sm  elementor-field-textual\" placeholder=\"Tel\u00e8fon de contacte\" required=\"required\" pattern=\"[0-9()#&amp;+*-=.]+\" title=\"Only numbers and phone characters (#, -, *, etc) are accepted.\">\n\n\t\t\t\t\t\t<\/div>\n\t\t\t\t\t\t\t\t<div class=\"elementor-field-type-select elementor-field-group elementor-column elementor-field-group-field_54290f6 elementor-col-100 elementor-field-required elementor-mark-required\">\n\t\t\t\t\t\t\t\t\t\t\t\t<label for=\"form-field-field_54290f6\" class=\"elementor-field-label\">\n\t\t\t\t\t\t\t\tEtapa de la matr\u00edcula\t\t\t\t\t\t\t<\/label>\n\t\t\t\t\t\t\t\t<div class=\"elementor-field elementor-select-wrapper remove-before \">\n\t\t\t<div class=\"select-caret-down-wrapper\">\n\t\t\t\t<i aria-hidden=\"true\" class=\"eicon-caret-down\"><\/i>\t\t\t<\/div>\n\t\t\t<select name=\"form_fields[field_54290f6]\" id=\"form-field-field_54290f6\" class=\"elementor-field-textual elementor-size-sm\" required=\"required\">\n\t\t\t\t\t\t\t\t\t<option value=\"\"><\/option>\n\t\t\t\t\t\t\t\t\t<option value=\"Cicles Formatius de Grau Mitj\u00e0 -RE-\">Cicles Formatius de Grau Mitj\u00e0 -RE-<\/option>\n\t\t\t\t\t\t\t\t\t<option value=\"Cicles Formatius de Grau Superior\">Cicles Formatius de Grau Superior<\/option>\n\t\t\t\t\t\t\t<\/select>\n\t\t<\/div>\n\t\t\t\t\t\t<\/div>\n\t\t\t\t\t\t\t\t<div class=\"elementor-field-type-step elementor-field-group elementor-column elementor-field-group-field_50772fa elementor-col-100\">\n\t\t\t\t\t\t\t<div class=\"e-field-step elementor-hidden\" data-label=\"ADJUNTA ELS ARXIUS I ENVIA LA MATR\u00cdCULA\" data-previousButton=\"\" data-nextButton=\"\" data-iconUrl=\"\" data-iconLibrary=\"fas fa-star\" data-icon=\"\" ><\/div>\n\n\t\t\t\t\t\t<\/div>\n\t\t\t\t\t\t\t\t<div class=\"elementor-field-type-html elementor-field-group elementor-column elementor-field-group-field_c68c9eb elementor-col-100\">\n\t\t\t\t\t<h3>1. ARXIU DE MATR\u00cdCULA<\/h3>Adjunta l'arxiu de matr\u00edcula descarregat i emplenat correctament -1 sol arxiu-\t\t\t\t<\/div>\n\t\t\t\t\t\t\t\t<div class=\"elementor-field-type-upload elementor-field-group elementor-column elementor-field-group-field_e894348 elementor-col-100 elementor-field-required elementor-mark-required\">\n\t\t\t\t\t\t\t\t\t\t\t\t<label for=\"form-field-field_e894348\" class=\"elementor-field-label\">\n\t\t\t\t\t\t\t\tArxiu de matr\u00edcula (solament format pdf)\t\t\t\t\t\t\t<\/label>\n\t\t\t\t\t\t\t\t<input type=\"file\" name=\"form_fields[field_e894348]\" id=\"form-field-field_e894348\" class=\"elementor-field elementor-size-sm  elementor-upload-field\" required=\"required\" data-maxsize=\"4\" data-maxsize-message=\"This file exceeds the maximum allowed size.\">\n\n\t\t\t\t\t\t<\/div>\n\t\t\t\t\t\t\t\t<div class=\"elementor-field-type-html elementor-field-group elementor-column elementor-field-group-field_2b5f44a elementor-col-100\">\n\t\t\t\t\t<h3>2. ARXIUS D'IDENTIFICACI\u00d3<\/h3>\u00c9s obligatori adjuntar una c\u00f2pia escanejada de :<br>\n<li>DNI\/NIE\/Passaport Responsable\/s -menors d'edat- FOTOGRAFIA.<\/li>\n<li>Llibre de fam\u00edlia o document de filiaci\u00f3 -menors d'edat- FOTOGRAFIA TOTES LES P\u00c0GINES.<\/li>\n<li>DNI\/NIE\/Passaport Alumne\/a -Obligatori a partir de 3r de l'ESO-<\/li>\n<li>Llibre de vacunes -Alumnat fins a 6\u00e8 de Prim\u00e0ria-.<\/li>\n<li>Targeta Sanit\u00e0ria -TIS-.<\/li>\n<li><b>IMPRESCINDIBLE ADJUNTAR<\/B> el certificat acad\u00e8mic d'acc\u00e9s o resguard de t\u00edtol a Batxillerat i Cicles Formatius-.<\/li>\n\t\t\t\t<\/div>\n\t\t\t\t\t\t\t\t<div class=\"elementor-field-type-upload elementor-field-group elementor-column elementor-field-group-field_109bd74 elementor-col-100 elementor-field-required elementor-mark-required\">\n\t\t\t\t\t\t\t\t\t\t\t\t<label for=\"form-field-field_109bd74\" class=\"elementor-field-label\">\n\t\t\t\t\t\t\t\tArxius d'identificaci\u00f3 (pdf, jpg, png)\t\t\t\t\t\t\t<\/label>\n\t\t\t\t\t\t\t\t<input type=\"file\" name=\"form_fields[field_109bd74][]\" id=\"form-field-field_109bd74\" class=\"elementor-field elementor-size-sm  elementor-upload-field\" required=\"required\" multiple=\"multiple\" data-maxsize=\"4\" data-maxsize-message=\"This file exceeds the maximum allowed size.\">\n\n\t\t\t\t\t\t<\/div>\n\t\t\t\t\t\t\t\t<div class=\"elementor-field-type-html elementor-field-group elementor-column elementor-field-group-field_c39e988 elementor-col-100\">\n\t\t\t\t\tPots enviar-nos fins un m\u00e0xim de 7 arxius d'identificaci\u00f3 en una sola tramesa.\t\t\t\t<\/div>\n\t\t\t\t\t\t\t\t<div class=\"elementor-field-type-html elementor-field-group elementor-column elementor-field-group-field_72d4e7c elementor-col-100\">\n\t\t\t\t\t<br><br>\t\t\t\t<\/div>\n\t\t\t\t\t\t\t\t<div class=\"elementor-field-type-html elementor-field-group elementor-column elementor-field-group-field_cc9306e elementor-col-100\">\n\t\t\t\t\t<h5><B>POL\u00cdTICA DE TRACTAMENT DE DADES<BR><\/B><\/H5>\nVost\u00e8 envia i rep aquesta comunicaci\u00f3 perqu\u00e8 ens facilita la seva adre\u00e7a de correu electr\u00f2nic. <br>El Col\u00b7legi Episcopal garanteix l'adopci\u00f3 de les mesures necess\u00e0ries pel tractament de les dades personals d'acord amb el Reglament General de Protecci\u00f3 de Dades UE 2016\/679. En relaci\u00f3 a les seves dades personals l'informem que pot donar-se de baixa definitivament d'aquests lliuraments enviant un correu electr\u00f2nic a baixes@cepiscopal.org indicant a l'assumpte BAIXA.\t\t\t\t<\/div>\n\t\t\t\t\t\t\t\t<div class=\"elementor-field-type-acceptance elementor-field-group elementor-column elementor-field-group-field_d19f6b3 elementor-col-100 elementor-field-required elementor-mark-required\">\n\t\t\t\t\t\t\t\t\t\t\t\t<label for=\"form-field-field_d19f6b3\" class=\"elementor-field-label\">\n\t\t\t\t\t\t\t\t<b>TRACTAMENT DE DADES<\/b>\t\t\t\t\t\t\t<\/label>\n\t\t\t\t\t\t\t\t<div class=\"elementor-field-subgroup\">\n\t\t\t<span class=\"elementor-field-option\">\n\t\t\t\t<input type=\"checkbox\" name=\"form_fields[field_d19f6b3]\" id=\"form-field-field_d19f6b3\" class=\"elementor-field elementor-size-sm  elementor-acceptance-field\" required=\"required\">\n\t\t\t\t<label for=\"form-field-field_d19f6b3\">Accepto les condicions de la POL\u00cdTICA DE TRACTAMENT DE DADES<\/label>\t\t\t<\/span>\n\t\t<\/div>\n\t\t\t\t\t\t<\/div>\n\t\t\t\t\t\t\t\t<div class=\"elementor-field-type-html elementor-field-group elementor-column elementor-field-group-field_5456e16 elementor-col-100\">\n\t\t\t\t\t<br>\t\t\t\t<\/div>\n\t\t\t\t\t\t\t\t<div class=\"elementor-field-type-recaptcha_v3 elementor-field-group elementor-column elementor-field-group-field_1ea2548 elementor-col-100 recaptcha_v3-bottomright\">\n\t\t\t\t\t<div class=\"elementor-field\" id=\"form-field-field_1ea2548\"><div class=\"elementor-g-recaptcha\" data-sitekey=\"6Le32O0UAAAAAJxIedQtIRnHOveuSbFSvNS6FO45\" data-type=\"v3\" data-action=\"Form\" data-badge=\"bottomright\" data-size=\"invisible\"><\/div><\/div>\t\t\t\t<\/div>\n\t\t\t\t\t\t\t\t<div class=\"elementor-field-type-hidden elementor-field-group elementor-column elementor-field-group-field_b2ad893 elementor-col-100\">\n\t\t\t\t\t\t\t\t\t\t\t\t\t<input size=\"1\" type=\"hidden\" name=\"form_fields[field_b2ad893]\" id=\"form-field-field_b2ad893\" class=\"elementor-field elementor-size-sm  elementor-field-textual\">\n\t\t\t\t\t\t\t\t\t\t\t<\/div>\n\t\t\t\t\t\t\t\t<div class=\"elementor-field-group elementor-column elementor-field-type-submit elementor-col-100 e-form__buttons\">\n\t\t\t\t\t<button class=\"elementor-button elementor-size-lg\" type=\"submit\">\n\t\t\t\t\t\t<span class=\"elementor-button-content-wrapper\">\n\t\t\t\t\t\t\t\t\t\t\t\t\t\t\t\t\t\t\t\t\t\t<span class=\"elementor-button-text\">Enviar la sol\u00b7licitud de matr\u00edcula<\/span>\n\t\t\t\t\t\t\t\t\t\t\t\t\t<\/span>\n\t\t\t\t\t<\/button>\n\t\t\t\t<\/div>\n\t\t\t<\/div>\n\t\t<\/form>\n\t\t<style>.elementor-element.elementor-element-605e8c0 .elementor-field-group { align-self: flex-start; }<\/style>\t\t\t\t<\/div>\n\t\t\t\t<\/div>\n\t\t\t\t\t<\/div>\n\t\t\t\t<\/div>\n\t\t\t\t<\/div>\n\t\t","protected":false},"excerpt":{"rendered":"<p>CFGS ADMINISTRACI\u00d3 I FINANCES CICLE FORMATIU DE GRAU SUPERIOR PRIVAT CFGM SALVAMENT I SOCORRISME CICLE FORMATIU DE GRAU MITJ\u00c0 PRIVAT PAS 1 1. DOCUMENT DE LA MATR\u00cdCULA Emplena el document de matr\u00edcula pdf que tens en aquests enlla\u00e7os. Emplena el formulari pdf. Desa&#8217;l al teu dispositiu (ordinador, m\u00f2bil o tauleta). Envia&#8217;l a traves d&#8217;aquest formulari [&hellip;]<\/p>\n","protected":false},"author":1,"featured_media":0,"parent":0,"menu_order":0,"comment_status":"closed","ping_status":"closed","template":"","meta":{"footnotes":""},"class_list":["post-64088","page","type-page","status-publish","hentry"],"_links":{"self":[{"href":"https:\/\/www.cepiscopal.org\/online\/wp-json\/wp\/v2\/pages\/64088","targetHints":{"allow":["GET"]}}],"collection":[{"href":"https:\/\/www.cepiscopal.org\/online\/wp-json\/wp\/v2\/pages"}],"about":[{"href":"https:\/\/www.cepiscopal.org\/online\/wp-json\/wp\/v2\/types\/page"}],"author":[{"embeddable":true,"href":"https:\/\/www.cepiscopal.org\/online\/wp-json\/wp\/v2\/users\/1"}],"replies":[{"embeddable":true,"href":"https:\/\/www.cepiscopal.org\/online\/wp-json\/wp\/v2\/comments?post=64088"}],"version-history":[{"count":91,"href":"https:\/\/www.cepiscopal.org\/online\/wp-json\/wp\/v2\/pages\/64088\/revisions"}],"predecessor-version":[{"id":64246,"href":"https:\/\/www.cepiscopal.org\/online\/wp-json\/wp\/v2\/pages\/64088\/revisions\/64246"}],"wp:attachment":[{"href":"https:\/\/www.cepiscopal.org\/online\/wp-json\/wp\/v2\/media?parent=64088"}],"curies":[{"name":"wp","href":"https:\/\/api.w.org\/{rel}","templated":true}]}}