{"id":62241,"date":"2024-09-11T18:42:41","date_gmt":"2024-09-11T16:42:41","guid":{"rendered":"https:\/\/www.cepiscopal.org\/online\/?post_type=product&#038;p=62241"},"modified":"2026-01-08T17:51:42","modified_gmt":"2026-01-08T15:51:42","slug":"zumba-1-5","status":"publish","type":"product","link":"https:\/\/www.cepiscopal.org\/online\/producte\/zumba-1-5\/","title":{"rendered":"Zumba 1"},"content":{"rendered":"<p>Activitat espec\u00edfica on es realitzen exercicis de tonificaci\u00f3 de glutis, abdominals i cames. Es pot aconseguir tamb\u00e9 amb moviments de ball.<\/p>\n","protected":false},"excerpt":{"rendered":"<p>Dimecres, de 16.15 h a 17.05 h.<\/p>\n","protected":false},"featured_media":62267,"template":"","meta":[],"product_brand":[],"product_cat":[100,161,98],"product_tag":[],"class_list":{"0":"post-62241","1":"product","2":"type-product","3":"status-publish","4":"has-post-thumbnail","6":"product_cat-02-gac--zumba-2t","7":"product_cat-activitats-piscina","8":"product_cat-programa-dactivitats-de-sala-1t-2024-2025","10":"first","11":"outofstock","12":"downloadable","13":"virtual","14":"sold-individually","15":"purchasable","16":"product-type-simple"},"_links":{"self":[{"href":"https:\/\/www.cepiscopal.org\/online\/wp-json\/wp\/v2\/product\/62241","targetHints":{"allow":["GET"]}}],"collection":[{"href":"https:\/\/www.cepiscopal.org\/online\/wp-json\/wp\/v2\/product"}],"about":[{"href":"https:\/\/www.cepiscopal.org\/online\/wp-json\/wp\/v2\/types\/product"}],"wp:featuredmedia":[{"embeddable":true,"href":"https:\/\/www.cepiscopal.org\/online\/wp-json\/wp\/v2\/media\/62267"}],"wp:attachment":[{"href":"https:\/\/www.cepiscopal.org\/online\/wp-json\/wp\/v2\/media?parent=62241"}],"wp:term":[{"taxonomy":"product_brand","embeddable":true,"href":"https:\/\/www.cepiscopal.org\/online\/wp-json\/wp\/v2\/product_brand?post=62241"},{"taxonomy":"product_cat","embeddable":true,"href":"https:\/\/www.cepiscopal.org\/online\/wp-json\/wp\/v2\/product_cat?post=62241"},{"taxonomy":"product_tag","embeddable":true,"href":"https:\/\/www.cepiscopal.org\/online\/wp-json\/wp\/v2\/product_tag?post=62241"}],"curies":[{"name":"wp","href":"https:\/\/api.w.org\/{rel}","templated":true}]}}